{"id":72,"date":"2023-01-12T20:36:43","date_gmt":"2023-01-12T19:36:43","guid":{"rendered":"https:\/\/arroyoinclusivo.es\/?page_id=72"},"modified":"2023-03-16T11:27:15","modified_gmt":"2023-03-16T10:27:15","slug":"actividades","status":"publish","type":"page","link":"https:\/\/arroyoinclusivo.es\/index.php\/actividades\/","title":{"rendered":"ACTIVIDADES"},"content":{"rendered":"\n<div class=\"wp-block-media-text alignwide is-stacked-on-mobile has-medium-font-size\" style=\"grid-template-columns:41% auto\"><figure class=\"wp-block-media-text__media\"><img loading=\"lazy\" decoding=\"async\" width=\"640\" height=\"450\" src=\"https:\/\/arroyoinclusivo.es\/wp-content\/uploads\/2023\/01\/Familia-3.jpg\" alt=\"\" class=\"wp-image-164 size-full\" srcset=\"https:\/\/arroyoinclusivo.es\/wp-content\/uploads\/2023\/01\/Familia-3.jpg 640w, https:\/\/arroyoinclusivo.es\/wp-content\/uploads\/2023\/01\/Familia-3-300x211.jpg 300w, https:\/\/arroyoinclusivo.es\/wp-content\/uploads\/2023\/01\/Familia-3-150x105.jpg 150w\" sizes=\"auto, (max-width: 640px) 100vw, 640px\" \/><\/figure><div class=\"wp-block-media-text__content\">\n<p><strong><kbd><mark style=\"background-color:rgba(0, 0, 0, 0);color:#008f77\" class=\"has-inline-color\">\u00c1MBITO FAMILIAR<\/mark><\/kbd><\/strong><\/p>\n\n\n\n<p><strong>Acogida, asesoramiento<\/strong> acerca de recursos sociales, culturales, econ\u00f3micos y educativos a las familias y <strong>apoyo<\/strong> en funci\u00f3n de sus necesidades.<\/p>\n\n\n\n<p>Ayudar en la gesti\u00f3n de las distintas <strong>ayudas<\/strong> existentes en personas con diversidad funcional.<\/p>\n\n\n\n<p>Generar un <strong>banco de recursos<\/strong> sanitarios, educativos, sociales, empresariales,\u2026<\/p>\n<\/div><\/div>\n\n\n\n<div class=\"wp-block-media-text alignwide has-media-on-the-right is-stacked-on-mobile has-medium-font-size\" style=\"grid-template-columns:auto 47%\"><div class=\"wp-block-media-text__content\">\n<p><strong><kbd><mark style=\"background-color:rgba(0, 0, 0, 0);color:#008f77\" class=\"has-inline-color\">\u00c1MBITO SOCIAL GENERAL<\/mark><\/kbd><\/strong><\/p>\n\n\n\n<p>Dise\u00f1ar y realizar <strong>actividades<\/strong> encaminadas a:<\/p>\n\n\n\n<ul class=\"wp-block-list\">\n<li>La sensibilizaci\u00f3n y visibilizar\u00edan de los principios b\u00e1sicos de inclusi\u00f3n llegando a todas esferas de la comunidad (educativa, empresarial, deportiva, cultural,\u2026)<\/li>\n\n\n\n<li>La reeducaci\u00f3n, rehabilitaci\u00f3n, integraci\u00f3n, protecci\u00f3n, defensa de la dignidad, los derechos, y\/o ayudas a las personas con diversidad funcional.<\/li>\n<\/ul>\n\n\n\n<p>Fomentar lazos de cooperaci\u00f3n con servicios del municipio o de otros para desarrollar actividades comunitarias.<\/p>\n<\/div><figure class=\"wp-block-media-text__media\"><img loading=\"lazy\" decoding=\"async\" width=\"640\" height=\"427\" src=\"https:\/\/arroyoinclusivo.es\/wp-content\/uploads\/2023\/01\/Inclusion-2-1.jpg\" alt=\"\" class=\"wp-image-165 size-full\" srcset=\"https:\/\/arroyoinclusivo.es\/wp-content\/uploads\/2023\/01\/Inclusion-2-1.jpg 640w, https:\/\/arroyoinclusivo.es\/wp-content\/uploads\/2023\/01\/Inclusion-2-1-300x200.jpg 300w, https:\/\/arroyoinclusivo.es\/wp-content\/uploads\/2023\/01\/Inclusion-2-1-150x100.jpg 150w\" sizes=\"auto, (max-width: 640px) 100vw, 640px\" \/><\/figure><\/div>\n\n\n\n<div class=\"wp-block-media-text alignwide is-stacked-on-mobile has-medium-font-size\" style=\"grid-template-columns:33% auto\"><figure class=\"wp-block-media-text__media\"><img loading=\"lazy\" decoding=\"async\" width=\"588\" height=\"640\" src=\"https:\/\/arroyoinclusivo.es\/wp-content\/uploads\/2023\/01\/Instituciones.png\" alt=\"\" class=\"wp-image-166 size-full\" srcset=\"https:\/\/arroyoinclusivo.es\/wp-content\/uploads\/2023\/01\/Instituciones.png 588w, https:\/\/arroyoinclusivo.es\/wp-content\/uploads\/2023\/01\/Instituciones-276x300.png 276w, https:\/\/arroyoinclusivo.es\/wp-content\/uploads\/2023\/01\/Instituciones-138x150.png 138w\" sizes=\"auto, (max-width: 588px) 100vw, 588px\" \/><\/figure><div class=\"wp-block-media-text__content\">\n<p><strong><kbd><mark style=\"background-color:rgba(0, 0, 0, 0);color:#008f77\" class=\"has-inline-color\">INSTITUCIONES<\/mark><\/kbd><\/strong><\/p>\n\n\n\n<p>Reivindicar \/ Asesorar \/ Ayudar a introducir en las administraciones:<\/p>\n\n\n\n<ul class=\"wp-block-list\">\n<li>H<strong>erramientas <\/strong>necesarias de <strong>dise\u00f1o universal<\/strong> (de aprendizaje, de accesibilidad,\u2026).<\/li>\n\n\n\n<li>Dise\u00f1o de <strong>actividades l\u00fadicas \/ deportivas \/ culturales<\/strong> bajo el prisma de la diversidad funcional<\/li>\n<\/ul>\n<\/div><\/div>\n","protected":false},"excerpt":{"rendered":"<p>\u00c1MBITO FAMILIAR Acogida, asesoramiento acerca de recursos sociales, culturales, econ\u00f3micos y educativos a las familias y apoyo en funci\u00f3n de sus necesidades. Ayudar en la gesti\u00f3n de las distintas ayudas existentes en personas con&#46;&#46;&#46;<\/p>\n","protected":false},"author":2,"featured_media":0,"parent":0,"menu_order":0,"comment_status":"closed","ping_status":"closed","template":"","meta":{"footnotes":""},"class_list":["post-72","page","type-page","status-publish","hentry"],"_links":{"self":[{"href":"https:\/\/arroyoinclusivo.es\/index.php\/wp-json\/wp\/v2\/pages\/72","targetHints":{"allow":["GET"]}}],"collection":[{"href":"https:\/\/arroyoinclusivo.es\/index.php\/wp-json\/wp\/v2\/pages"}],"about":[{"href":"https:\/\/arroyoinclusivo.es\/index.php\/wp-json\/wp\/v2\/types\/page"}],"author":[{"embeddable":true,"href":"https:\/\/arroyoinclusivo.es\/index.php\/wp-json\/wp\/v2\/users\/2"}],"replies":[{"embeddable":true,"href":"https:\/\/arroyoinclusivo.es\/index.php\/wp-json\/wp\/v2\/comments?post=72"}],"version-history":[{"count":7,"href":"https:\/\/arroyoinclusivo.es\/index.php\/wp-json\/wp\/v2\/pages\/72\/revisions"}],"predecessor-version":[{"id":242,"href":"https:\/\/arroyoinclusivo.es\/index.php\/wp-json\/wp\/v2\/pages\/72\/revisions\/242"}],"wp:attachment":[{"href":"https:\/\/arroyoinclusivo.es\/index.php\/wp-json\/wp\/v2\/media?parent=72"}],"curies":[{"name":"wp","href":"https:\/\/api.w.org\/{rel}","templated":true}]}}